he prime factors of 3*(-1 + g/12).
47
Suppose 0 = 4*v - 4*t - 56, v + 10 = 2*v - 3*t. Suppose v*i - 12*i - 236 = 0. List the prime factors of i.
59
Let s = -4 + 2. What are the prime factors of s/(-4) + (-9)/(-6)?
2
Suppose 0 = 7*r + 3*r - 5440. Suppose o = 9*o - r. List the prime factors of o.
2, 17
Suppose -40 = -8*n + 4*n. Let p = -8 - n. Let t = 47 - p. What are the prime factors of t?
5, 13
Suppose 0 = 3*c - 1990 + 385. List the prime factors of c.
5, 107
Suppose 2 = -4*b - 3*q - 5, 2*q = b - 12. Let s be (-68)/(-1) - (-2 + b). Suppose -3*v + s = -10. What are the prime factors of v?
2, 13
Suppose 379 - 52 = -3*r. Let x = 133 - r. List the prime factors of x.
2, 11
Let v = 95 + -82. Suppose -4*b + 329 = v. What are the prime factors of b?
79
Suppose -23 = 2*r + 3*x, 0 = -2*r - x + 1 - 18. Let h = r - -63. What are the prime factors of h?
2, 7
What are the prime factors of -5 - (-1 + 951/(3/(-1)))?
313
Let v(k) = k**2 + k - 2. Let j be v(2). Let b(f) = -98 - 3*f + 96 + f**3 - 2*f**2 + 0*f**3. List the prime factors of b(j).
2, 3
Let o = -37 - -28. Let n = -20 + 15. What are the prime factors of (-15 + o)*n/2?
2, 3, 5
Let w = 9241 - 5403. List the prime factors of w.
2, 19, 101
Let n(j) = 20*j - 39. Let k(u) = 13*u - 26. Let x(b) = -8*k(b) + 5*n(b). List the prime factors of x(-9).
7
Suppose -l = 4*l. Suppose -4*w = -l*b + 4*b - 308, b + 3*w - 77 = 0. List the prime factors of b.
7, 11
Let r(l) = l**3 - 7*l**2 - 37*l - 1. What are the prime factors of r(11)?
2, 19
Let z(b) = -b + 5. Let x = -9 - -9. Let c be z(x). Suppose -y - 31 = -3*t, c*t = -2*y + 4*y + 52. What are the prime factors of t?
2, 5
Let h be (-10)/(-4) + (-4)/8. Suppose h*b + 74 = 504. What are the prime factors of b?
5, 43
Let z = 5 + 11. Let t = 19 + -6. Let l = z - t. What are the prime factors of l?
3
Let s be (-3)/(-12) - (-9)/(-4). Let j be (-1 + s/(-3))*0. Let t = 17 + j. List the prime factors of t.
17
Suppose 23*p - 28*p + 30 = 0. Suppose p*q = 4*q - d + 105, -2*q + 4*d = -100. List the prime factors of q.
2, 13
Suppose 11*k - 8*k + 3 = 0. What are the prime factors of (18 - 1)*11/(k + 2)?
11, 17
Let j(f) = 19*f - f**2 - 8*f - 3 + 7. Suppose 3*v = 5*r - 21, -11 = -4*r + 3*v + 4. What are the prime factors of j(r)?
2, 17
Let y(z) = -103*z**3 + 7*z**2 - 11*z + 8. Let l be y(4). List the prime factors of ((-2)/(-3))/((-24)/l).
181
Suppose -2 = -2*t + 5*n + 14, 0 = 2*t + 3*n. Suppose 0 = 2*b + 5*s + t, -b + s = -6*b + 4. List the prime factors of 22/(-11) - -23*b.
3, 7
Suppose 403*y - 398*y = 5520. What are the prime factors of y?
2, 3, 23
Let r = -9 - -12. Suppose -r*v = -4*y - 172, 5*y = 3*v - 0*v - 176. List the prime factors of v.
2, 13
Suppose 0 = 4*j + 80 - 608. Let l = j + -59. What are the prime factors of l?
73
What are the prime factors of -14*265/(-10) - -6?
13, 29
Let q = 996 + -538. What are the prime factors of q?
2, 229
List the prime factors of 10/(6 - 1505/251).
2, 5, 251
Let f(x) = -2*x - 2. Let h be f(-9). Suppose 3*w + h + 2 = 0. What are the prime factors of (0 - -2) + (-6)/w?
3
Let l(y) = 2 + 9*y + 1 - 5. Suppose 2 = 3*m - 4. List the prime factors of l(m).
2
Let v(w) = -w**3 - 7*w**2 + 9*w + 4. Let z be v(-8). Let c be z + (-5)/(20/(-24)). Suppose -4*i + 20 = 0, -i - 3 = -c*g + 4. List the prime factors of g.
2, 3
Let o(r) = -r**3 - 3*r**2 + 11*r + 39. What are the prime factors of o(-5)?
2, 17
Let h be (-7)/((-14)/(-8)) + 4. List the prime factors of 30/(-12)*(h + -62).
5, 31
Let x(w) = w**3 + 11*w**2 + 12*w + 23. Let d be x(-10). Suppose 4*r + 132 = -5*b + 6*b, d*r - 209 = -2*b. List the prime factors of b.
2, 7
List the prime factors of 8/((12/(-177))/(-2)).
2, 59
Suppose 33*m - 235603 + 86509 = 0. List the prime factors of m.
2, 3, 251
Let b(a) = -a**2 + 12*a - 8. Let i(o) = o**3 + 5*o**2 - 8*o - 5. Let h(w) = 3*w. Let y be h(-2). Let j be i(y). List the prime factors of b(j).
3
Suppose 3*x - 6 = -2*d - 2, 5*d - 10 = 4*x. Suppose y - 2*g = 13 - 4, x = 3*y + 2*g - 11. Suppose -y*l + 176 = -l. List the prime factors of l.
2, 11
Suppose 2*h - 3*o = 9, 0*o - 2 = -h - o. Suppose 163 = 2*m + 5*j, -j = -h*m + 4*j + 207. Let p = -43 + m. What are the prime factors of p?
31
Let n(g) = g**2 - 4*g - 7. Let s be n(5). Suppose -3*p + 8 = -j - 2*p, -j = 2*p + 20. What are the prime factors of (j/(-10))/(s/(-65))?
3, 13
Suppose -3*i + 0*i = -6. Let n(w) = 0*w + 7*w**i + 5 + w**3 - 4*w + 0*w - 7*w. List the prime factors of n(-8).
29
Let o(y) = -y + 3. Let m(n) = n**3 + 8*n**2 + 7*n - 6. Let q be m(-7). Let l be o(q). What are the prime factors of 49*l*(-6)/(-63)?
2, 3, 7
Let m = -506 + 627. What are the prime factors of m?
11
Let n be 11 + -9 + 20/2. Let y = 7 - n. Let o = 6 - y. What are the prime factors of o?
11
Let u = 39 - 37. Suppose -16 = -v - u*z, 0 = 8*z - 4*z - 8. List the prime factors of 86/12 + (-2)/v.
7
Let y be 10/(-30) - (-14)/(-3). Let x = y - -11. What are the prime factors of (-286)/(-9) + x/27?
2
Suppose 0 = 3*h - 8*h - 50. Let v be ((-12)/20)/(2/h). Suppose 2*s - 5*s + k = -v, -5*k = -3*s - 9. What are the prime factors of s?
2
Let s = 272 + 4. List the prime factors of s.
2, 3, 23
Suppose 14 = 5*f + 3*r + 5, -3*f - 3*r = -9. Suppose 0 = 4*y + t - 532, -3*t + f*t = -2*y + 280. What are the prime factors of y?
2, 67
Suppose 0 = -j + 4*l - 6*l + 517, 4*l - 511 = -j. Suppose -10*k = 5*f - 6*k - 1273, -2*f + 3*k + j = 0. List the prime factors of f.
257
What are the prime factors of ((-3981)/2)/(69/(-46))?
1327
Let m = 26 + -18. Let b be (-5)/4*608/m. Let l = b - -155. What are the prime factors of l?
2, 3, 5
Let d = 111 + -106. Let c(q) = -q**3 + 12*q**2 - 9*q + 14. What are the prime factors of c(d)?
2, 3
Let w be 1/3 - 160/(-24). List the prime factors of (12 - w) + (-174)/(-2).
2, 23
Let o be 4/16*2*146. Suppose 21 = -d - 30. Let g = o + d. List the prime factors of g.
2, 11
Suppose 0 = t - 8*t + 14. Suppose i = 4*x + 108, -4*i - t*x = -x - 381. What are the prime factors of i?
2, 3
Suppose -2*b - 3 = -9. Suppose 0 = 5*q + b*y - 551, -q = -0*q + 5*y - 97. Suppose 5*m - q = m. List the prime factors of m.
2, 7
Let u = 0 - 1. What are the prime factors of 2 + 99 + 1 + u?
101
Let b = 1045 - 720. What are the prime factors of b?
5, 13
Let y(j) be the first derivative of j**4/4 + j**3/3 - 3*j**2/2 - 6*j + 5. What are the prime factors of y(5)?
3, 43
Suppose -b + 16 = -4*x, -4*b + 62 + 36 = x. Let o be 0/(2 + 2 + -2) + -3. Let g = b - o. List the prime factors of g.
3
Suppose -6*y + 20 = -y. Let i = 4 - y. Let v(n) = n + 23. List the prime factors of v(i).
23
Let d be (1/((-5)/(-20)))/1. Let a = 11 - d. What are the prime factors of a?
7
Suppose 0*d - 3*d = -16*d. Suppose -5*z = 5*l - 895, 3*l - 3*z + 0*z - 549 = d. What are the prime factors of l?
181
Let w be ((-3)/(-6))/(3/12). Suppose -5*s = -2*u + 23 + 84, 144 = 3*u - w*s. What are the prime factors of u?
2, 23
Let m(i) = 45*i + 163. List the prime factors of m(15).
2, 419
Suppose 3*y - 4*p - 190 = 43, -6 = 3*p. What are the prime factors of (y/(-20) - -4) + 1243/4?
311
Suppose 0*m + 3*m + 12 = 0. What are the prime factors of -3*(-8)/12*(-286)/m?
11, 13
Suppose -13 = -4*u - 537. Let s = 190 + u. What are the prime factors of s?
59
Let h = 54 - 76. Suppose 32 = 2*c - c + 3*j, -3*j = 5*c - 136. Let o = h + c. List the prime factors of o.
2
Suppose 10*d - 10428 = 46902. What are the prime factors of d?
3, 7, 13
Suppose 81 + 255 = -7*s. Let c = s + 77. What are the prime factors of c?
29
Suppose 7*m - 8*m = 0. Let v(p) = -5*p + 3 - 6 + m. List the prime factors of v(-6).
3
Suppose -29*h - 1013 = -32*h - 4*i, -h = -2*i - 351. List the prime factors of h.
7
Let u(h) = -67*h + 346. List the prime factors of u(-9).
13, 73
Suppose -2*s + 228 = -356. List the prime factors of s.
2, 73
Let c(f) = 7*f**2 - f - 2. Let x be c(-2). Let g be (-15)/(-25) - (-4 - (-214)/(-10)). Let z = x + g. List the prime factors of z.
2, 3
Let g = -21 + 19. List the prime factors of g/2 + (-4)/(-6)*198.
131
Let u = -542 - -1239. What are the prime factors of u?
17, 41
Let w = -145 + 316. What are the prime factors of w?
3, 19
Let o(y) = -3*y**3 - 2*y**2 - y - 21. What are the prime factors of o(-6)?
3, 11, 17
Let d(o) = -o + 15. Let j be d(10). Suppose 3*p - 7*p = -j*r - 42, 5*p = -4*r + 73. What are the prime fact